{"id":203,"date":"2023-11-09T09:20:10","date_gmt":"2023-11-09T08:20:10","guid":{"rendered":"https:\/\/alabellecrea.fr\/?page_id=203"},"modified":"2024-07-31T19:21:32","modified_gmt":"2024-07-31T17:21:32","slug":"portrait-de-la-creatrice","status":"publish","type":"page","link":"https:\/\/alabellecrea.fr\/?page_id=203","title":{"rendered":"Cr\u00e9atrice"},"content":{"rendered":"\t\t<div data-elementor-type=\"wp-page\" data-elementor-id=\"203\" class=\"elementor elementor-203\">\n\t\t\t\t<div class=\"elementor-element elementor-element-492cb5a e-flex e-con-boxed e-con e-parent\" data-id=\"492cb5a\" data-element_type=\"container\" data-settings=\"{&quot;background_background&quot;:&quot;classic&quot;}\">\n\t\t\t\t\t<div class=\"e-con-inner\">\n\t\t\t\t<div class=\"elementor-element elementor-element-ac3ba84 elementor-invisible elementor-widget elementor-widget-heading\" data-id=\"ac3ba84\" data-element_type=\"widget\" data-settings=\"{&quot;_animation&quot;:&quot;zoomIn&quot;}\" data-widget_type=\"heading.default\">\n\t\t\t\t<div class=\"elementor-widget-container\">\n\t\t\t<style>\/*! elementor - v3.21.0 - 22-05-2024 *\/\n.elementor-heading-title{padding:0;margin:0;line-height:1}.elementor-widget-heading .elementor-heading-title[class*=elementor-size-]>a{color:inherit;font-size:inherit;line-height:inherit}.elementor-widget-heading .elementor-heading-title.elementor-size-small{font-size:15px}.elementor-widget-heading .elementor-heading-title.elementor-size-medium{font-size:19px}.elementor-widget-heading .elementor-heading-title.elementor-size-large{font-size:29px}.elementor-widget-heading .elementor-heading-title.elementor-size-xl{font-size:39px}.elementor-widget-heading .elementor-heading-title.elementor-size-xxl{font-size:59px}<\/style><h2 class=\"elementor-heading-title elementor-size-default\">Portrait de la cr\u00e9atrice : Anne- Line<\/h2>\t\t<\/div>\n\t\t\t\t<\/div>\n\t\t\t\t<div class=\"elementor-element elementor-element-59ebebe elementor-widget elementor-widget-text-editor\" data-id=\"59ebebe\" data-element_type=\"widget\" data-widget_type=\"text-editor.default\">\n\t\t\t\t<div class=\"elementor-widget-container\">\n\t\t\t<style>\/*! elementor - v3.21.0 - 22-05-2024 *\/\n.elementor-widget-text-editor.elementor-drop-cap-view-stacked .elementor-drop-cap{background-color:#69727d;color:#fff}.elementor-widget-text-editor.elementor-drop-cap-view-framed .elementor-drop-cap{color:#69727d;border:3px solid;background-color:transparent}.elementor-widget-text-editor:not(.elementor-drop-cap-view-default) .elementor-drop-cap{margin-top:8px}.elementor-widget-text-editor:not(.elementor-drop-cap-view-default) .elementor-drop-cap-letter{width:1em;height:1em}.elementor-widget-text-editor .elementor-drop-cap{float:left;text-align:center;line-height:1;font-size:50px}.elementor-widget-text-editor .elementor-drop-cap-letter{display:inline-block}<\/style>\t\t\t\t<p>\u00a0<\/p><p>&#8220;Salut tout le monde ! Je suis Anne Line, la jongleuse en chef d&#8217;une fratrie de quatre enfants depuis une d\u00e9cennie, et laissez-moi vous dire que si le multit\u00e2che \u00e9tait un sport olympique, je serais certainement en lice pour la m\u00e9daille d&#8217;or ! \ud83d\ude04<\/p><p>Mais blague \u00e0 part, m&#8217;occuper de cette joyeuse troupe est ce qui m&#8217;\u00e9panouit le plus depuis toutes ces ann\u00e9es. Et puis, il y a quatre ans, j&#8217;ai d\u00e9cid\u00e9 d&#8217;ajouter un peu de piquant \u00e0 ma vie en me lan\u00e7ant dans la couture, compl\u00e8tement en autodidacte ! Qui aurait cru que mes talents de couturi\u00e8re se cacheraient derri\u00e8re mes comp\u00e9tences en jonglage ?! Mais bon, comme on dit, quand la vie vous donne des citrons, faites des ourlets ! Et c&#8217;est ainsi que je me suis retrouv\u00e9e \u00e0 cr\u00e9er ma propre entreprise pour avoir un petit suppl\u00e9ment de revenus.<\/p><p>Alors si vous cherchez quelqu&#8217;un pour coudre vos v\u00eatements tout en racontant des blagues de nounou, vous \u00eates au bon endroit ! \ud83e\uddf5\ud83d\ude04 #nounouCouturi\u00e8re #JongleuseDeVie&#8221;<\/p><p><a href=\"https:\/\/www.facebook.com\/profile.php?id=61552351281112\">https:\/\/www.facebook.com\/profile.php?id=61552351281112<\/a><\/p><p>Entre deux sacs, je trouve le temps de nager quelques longueurs pour garder ma sant\u00e9 mentale intacte (ou du moins, \u00e0 flot !).<\/p><p>Alors, si vous cherchez une couturi\u00e8re qui peut transformer le d\u00e9sordre en \u0153uvre d&#8217;art, vous \u00eates au bon endroit ! \ud83e\uddf5\ud83d\udcab #Couturi\u00e8re\u00c9panouie #NageuseD\u00e9bord\u00e9e<\/p><p>Ainsi si vous cherchez un artisan avec un sens de l&#8217;humour aiguis\u00e9 et un c\u0153ur aussi grand que ma collection de tissus, vous \u00eates encore au bon endroit ! \ud83c\udfa8\ud83c\udf1f #Cr\u00e9ativit\u00e9Organis\u00e9e #ArtisanatAvecSourire&#8221;<\/p><p>Contactez-moi :<\/p><p><a href=\"https:\/\/alabellecrea.fr\/wp-admin\/post.php?post=993&amp;action=elementor\">https:\/\/alabellecrea.fr\/wp-admin\/post.php?post=993&amp;action=elementor<\/a><\/p>\t\t\t\t\t\t<\/div>\n\t\t\t\t<\/div>\n\t\t\t\t<div class=\"elementor-element elementor-element-2d1b951 elementor-widget elementor-widget-text-editor\" data-id=\"2d1b951\" data-element_type=\"widget\" data-widget_type=\"text-editor.default\">\n\t\t\t\t<div class=\"elementor-widget-container\">\n\t\t\t\t\t\t\t<p><strong><u>Pourquoi me choisir<\/u><\/strong><strong> :<\/strong><\/p><ol><li><strong> L&#8217;art de l&#8217;unicit\u00e9<\/strong><strong> :<\/strong> Chacun de mes sacs est une pi\u00e8ce unique, cr\u00e9\u00e9e avec amour. Par cons\u00e9quent vous ne trouverez jamais deux sacs identiques A La Belle Cr\u00e9a!<\/li><li><strong> Qualit\u00e9 artisanale<\/strong><strong> :<\/strong> Chaque sac est fabriqu\u00e9 \u00e0 la main dans un tout petit atelier.<\/li><li><strong> Une histoire \u00e0 raconter<\/strong><strong> :<\/strong> Mes sacs ne sont pas simplement des accessoires. Ce sont aussi des \u0153uvres d&#8217;art qui racontent une histoire. C&#8217;est pour cela que chaque couture, chaque d\u00e9tail est un t\u00e9moignage de ma passion pour la cr\u00e9ation.<\/li><li><strong> Exp\u00e9dition mondiale<\/strong><strong> :<\/strong> Ainsi que vous soyez en France, en Europe, ou \u00e0 l&#8217;autre bout du monde, nos sacs voyageront pour vous rejoindre.<\/li><\/ol><p><strong><u>Explorez mes collections<\/u><\/strong><strong> :<\/strong><\/p><p>D\u00e9couvrez une gamme diversifi\u00e9e de sacs. Allant du sac cabas au sac pliable indispensable \u00e0 mettre dans son sac \u00e0 main et au grand retour du sac banane ! un voyage dans le temps\u2026 un petit retour dans les ann\u00e9es 80 !\u00a0<\/p><p><strong><u>Rejoignez la communaut\u00e9<\/u><\/strong><strong> :<\/strong><\/p><p>Inscrivez-vous \u00e0 notre newsletter pour rester inform\u00e9 des derni\u00e8res cr\u00e9ations, des offres sp\u00e9ciales et des \u00e9v\u00e9nements exclusifs. Suivez-moi sur les r\u00e9seaux sociaux pour \u00eatre inspir\u00e9 par ce monde artistique.<\/p><p>Le portrait de la cr\u00e9atrice en quelques photos !<\/p>\t\t\t\t\t\t<\/div>\n\t\t\t\t<\/div>\n\t\t\t\t<div class=\"elementor-element elementor-element-3e21400 elementor-arrows-position-inside elementor-pagination-position-outside elementor-widget elementor-widget-image-carousel\" data-id=\"3e21400\" data-element_type=\"widget\" data-settings=\"{&quot;slides_to_show&quot;:&quot;10&quot;,&quot;navigation&quot;:&quot;both&quot;,&quot;autoplay&quot;:&quot;yes&quot;,&quot;pause_on_hover&quot;:&quot;yes&quot;,&quot;pause_on_interaction&quot;:&quot;yes&quot;,&quot;autoplay_speed&quot;:5000,&quot;infinite&quot;:&quot;yes&quot;,&quot;speed&quot;:500}\" data-widget_type=\"image-carousel.default\">\n\t\t\t\t<div class=\"elementor-widget-container\">\n\t\t\t<style>\/*! elementor - v3.21.0 - 22-05-2024 *\/\n.elementor-widget-image-carousel .swiper,.elementor-widget-image-carousel .swiper-container{position:static}.elementor-widget-image-carousel .swiper-container .swiper-slide figure,.elementor-widget-image-carousel .swiper .swiper-slide figure{line-height:inherit}.elementor-widget-image-carousel .swiper-slide{text-align:center}.elementor-image-carousel-wrapper:not(.swiper-container-initialized):not(.swiper-initialized) .swiper-slide{max-width:calc(100% \/ var(--e-image-carousel-slides-to-show, 3))}<\/style>\t\t<div class=\"elementor-image-carousel-wrapper swiper\" dir=\"ltr\">\n\t\t\t<div class=\"elementor-image-carousel swiper-wrapper\" aria-live=\"off\">\n\t\t\t\t\t\t\t\t<div class=\"swiper-slide\" role=\"group\" aria-roledescription=\"slide\" aria-label=\"1 of 9\"><figure class=\"swiper-slide-inner\"><img decoding=\"async\" class=\"swiper-slide-image\" src=\"https:\/\/alabellecrea.fr\/wp-content\/uploads\/2023\/11\/Capture-decran-2023-11-05-185821-150x150.png\" alt=\"Capture d&#039;\u00e9cran 2023-11-05 185821\" \/><\/figure><\/div><div class=\"swiper-slide\" role=\"group\" aria-roledescription=\"slide\" aria-label=\"2 of 9\"><figure class=\"swiper-slide-inner\"><img decoding=\"async\" class=\"swiper-slide-image\" src=\"https:\/\/alabellecrea.fr\/wp-content\/uploads\/2024\/01\/417249748_1848204705616878_2477327092569268383_n-150x150.jpg\" alt=\"417249748_1848204705616878_2477327092569268383_n\" \/><\/figure><\/div><div class=\"swiper-slide\" role=\"group\" aria-roledescription=\"slide\" aria-label=\"3 of 9\"><figure class=\"swiper-slide-inner\"><img decoding=\"async\" class=\"swiper-slide-image\" src=\"https:\/\/alabellecrea.fr\/wp-content\/uploads\/2024\/02\/427721085_1049962482732481_4066711163009022637_n-150x150.jpg\" alt=\"427721085_1049962482732481_4066711163009022637_n\" \/><\/figure><\/div><div class=\"swiper-slide\" role=\"group\" aria-roledescription=\"slide\" aria-label=\"4 of 9\"><figure class=\"swiper-slide-inner\"><img decoding=\"async\" class=\"swiper-slide-image\" src=\"https:\/\/alabellecrea.fr\/wp-content\/uploads\/2024\/01\/20230825_172911-150x150.jpg\" alt=\"20230825_172911\" \/><\/figure><\/div><div class=\"swiper-slide\" role=\"group\" aria-roledescription=\"slide\" aria-label=\"5 of 9\"><figure class=\"swiper-slide-inner\"><img decoding=\"async\" class=\"swiper-slide-image\" src=\"https:\/\/alabellecrea.fr\/wp-content\/uploads\/2024\/01\/421684507_7683065958390083_8044754075102858460_n-150x150.jpg\" alt=\"421684507_7683065958390083_8044754075102858460_n\" \/><\/figure><\/div><div class=\"swiper-slide\" role=\"group\" aria-roledescription=\"slide\" aria-label=\"6 of 9\"><figure class=\"swiper-slide-inner\"><img decoding=\"async\" class=\"swiper-slide-image\" src=\"https:\/\/alabellecrea.fr\/wp-content\/uploads\/2024\/01\/20230822_154749-150x150.jpg\" alt=\"20230822_154749\" \/><\/figure><\/div><div class=\"swiper-slide\" role=\"group\" aria-roledescription=\"slide\" aria-label=\"7 of 9\"><figure class=\"swiper-slide-inner\"><img decoding=\"async\" class=\"swiper-slide-image\" src=\"https:\/\/alabellecrea.fr\/wp-content\/uploads\/2023\/11\/20220812_203207-150x150.jpg\" alt=\"20220812_203207\" \/><\/figure><\/div><div class=\"swiper-slide\" role=\"group\" aria-roledescription=\"slide\" aria-label=\"8 of 9\"><figure class=\"swiper-slide-inner\"><img decoding=\"async\" class=\"swiper-slide-image\" src=\"https:\/\/alabellecrea.fr\/wp-content\/uploads\/2023\/11\/20221102_232841-150x150.jpg\" alt=\"20221102_232841\" \/><\/figure><\/div><div class=\"swiper-slide\" role=\"group\" aria-roledescription=\"slide\" aria-label=\"9 of 9\"><figure class=\"swiper-slide-inner\"><img decoding=\"async\" class=\"swiper-slide-image\" src=\"https:\/\/alabellecrea.fr\/wp-content\/uploads\/2023\/11\/Logo-300x300-px_after-150x150.jpeg\" alt=\"Logo 300x300 px_after\" \/><\/figure><\/div>\t\t\t<\/div>\n\t\t\t\t\t\t\t\t\t\t\t\t<div class=\"elementor-swiper-button elementor-swiper-button-prev\" role=\"button\" tabindex=\"0\">\n\t\t\t\t\t\t<svg aria-hidden=\"true\" class=\"e-font-icon-svg e-eicon-chevron-left\" viewBox=\"0 0 1000 1000\" xmlns=\"http:\/\/www.w3.org\/2000\/svg\"><path d=\"M646 125C629 125 613 133 604 142L308 442C296 454 292 471 292 487 292 504 296 521 308 533L604 854C617 867 629 875 646 875 663 875 679 871 692 858 704 846 713 829 713 812 713 796 708 779 692 767L438 487 692 225C700 217 708 204 708 187 708 171 704 154 692 142 675 129 663 125 646 125Z\"><\/path><\/svg>\t\t\t\t\t<\/div>\n\t\t\t\t\t<div class=\"elementor-swiper-button elementor-swiper-button-next\" role=\"button\" tabindex=\"0\">\n\t\t\t\t\t\t<svg aria-hidden=\"true\" class=\"e-font-icon-svg e-eicon-chevron-right\" viewBox=\"0 0 1000 1000\" xmlns=\"http:\/\/www.w3.org\/2000\/svg\"><path d=\"M696 533C708 521 713 504 713 487 713 471 708 454 696 446L400 146C388 133 375 125 354 125 338 125 325 129 313 142 300 154 292 171 292 187 292 204 296 221 308 233L563 492 304 771C292 783 288 800 288 817 288 833 296 850 308 863 321 871 338 875 354 875 371 875 388 867 400 854L696 533Z\"><\/path><\/svg>\t\t\t\t\t<\/div>\n\t\t\t\t\n\t\t\t\t\t\t\t\t\t<div class=\"swiper-pagination\"><\/div>\n\t\t\t\t\t\t\t\t\t<\/div>\n\t\t\t\t<\/div>\n\t\t\t\t<\/div>\n\t\t\t\t\t<\/div>\n\t\t\t\t<\/div>\n\t\t\t\t<\/div>\n\t\t","protected":false},"excerpt":{"rendered":"<p>Portrait de la cr\u00e9atrice : Anne- Line \u00a0 &#8220;Salut tout le monde ! Je suis Anne Line, la jongleuse en chef d&#8217;une fratrie de quatre enfants depuis une d\u00e9cennie, et laissez-moi vous dire que si le multit\u00e2che \u00e9tait un sport olympique, je serais certainement en lice pour la m\u00e9daille d&#8217;or ! \ud83d\ude04 Mais blague \u00e0 [&hellip;]<\/p>\n","protected":false},"author":1,"featured_media":0,"parent":0,"menu_order":0,"comment_status":"closed","ping_status":"closed","template":"","meta":{"_monsterinsights_skip_tracking":false,"_monsterinsights_sitenote_active":false,"_monsterinsights_sitenote_note":"","_monsterinsights_sitenote_category":0,"footnotes":""},"yoast_head":"<!-- This site is optimized with the Yoast SEO plugin v22.0 - https:\/\/yoast.com\/wordpress\/plugins\/seo\/ -->\n<title>Cr\u00e9atrice - alabellecrea.fr<\/title>\n<meta name=\"description\" content=\"D\u00e9couvrez le portrait inspirant de la cr\u00e9atrice. Rencontrez son histoire, sa passion, son parcours en quelques lignes\" \/>\n<meta name=\"robots\" content=\"index, follow, max-snippet:-1, max-image-preview:large, max-video-preview:-1\" \/>\n<link rel=\"canonical\" href=\"https:\/\/alabellecrea.fr\/?page_id=203\" \/>\n<meta property=\"og:locale\" content=\"en_US\" \/>\n<meta property=\"og:type\" content=\"article\" \/>\n<meta property=\"og:title\" content=\"Cr\u00e9atrice - alabellecrea.fr\" \/>\n<meta property=\"og:description\" content=\"D\u00e9couvrez le portrait inspirant de la cr\u00e9atrice. Rencontrez son histoire, sa passion, son parcours en quelques lignes\" \/>\n<meta property=\"og:url\" content=\"https:\/\/alabellecrea.fr\/?page_id=203\" \/>\n<meta property=\"og:site_name\" content=\"alabellecrea.fr\" \/>\n<meta property=\"article:modified_time\" content=\"2024-07-31T17:21:32+00:00\" \/>\n<meta property=\"og:image\" content=\"http:\/\/alabellecrea.fr\/wp-content\/uploads\/2023\/11\/Capture-decran-2023-11-05-185821-150x150.png\" \/>\n<meta name=\"twitter:card\" content=\"summary_large_image\" \/>\n<meta name=\"twitter:label1\" content=\"Est. reading time\" \/>\n\t<meta name=\"twitter:data1\" content=\"5 minutes\" \/>\n<script type=\"application\/ld+json\" class=\"yoast-schema-graph\">{\"@context\":\"https:\/\/schema.org\",\"@graph\":[{\"@type\":\"WebPage\",\"@id\":\"https:\/\/alabellecrea.fr\/?page_id=203\",\"url\":\"https:\/\/alabellecrea.fr\/?page_id=203\",\"name\":\"Cr\u00e9atrice - alabellecrea.fr\",\"isPartOf\":{\"@id\":\"https:\/\/alabellecrea.fr\/#website\"},\"datePublished\":\"2023-11-09T08:20:10+00:00\",\"dateModified\":\"2024-07-31T17:21:32+00:00\",\"description\":\"D\u00e9couvrez le portrait inspirant de la cr\u00e9atrice. Rencontrez son histoire, sa passion, son parcours en quelques lignes\",\"breadcrumb\":{\"@id\":\"https:\/\/alabellecrea.fr\/?page_id=203#breadcrumb\"},\"inLanguage\":\"en-US\",\"potentialAction\":[{\"@type\":\"ReadAction\",\"target\":[\"https:\/\/alabellecrea.fr\/?page_id=203\"]}]},{\"@type\":\"BreadcrumbList\",\"@id\":\"https:\/\/alabellecrea.fr\/?page_id=203#breadcrumb\",\"itemListElement\":[{\"@type\":\"ListItem\",\"position\":1,\"name\":\"Accueil\",\"item\":\"https:\/\/alabellecrea.fr\/\"},{\"@type\":\"ListItem\",\"position\":2,\"name\":\"Cr\u00e9atrice\"}]},{\"@type\":\"WebSite\",\"@id\":\"https:\/\/alabellecrea.fr\/#website\",\"url\":\"https:\/\/alabellecrea.fr\/\",\"name\":\"alabellecrea.fr\",\"description\":\"\",\"publisher\":{\"@id\":\"https:\/\/alabellecrea.fr\/#organization\"},\"potentialAction\":[{\"@type\":\"SearchAction\",\"target\":{\"@type\":\"EntryPoint\",\"urlTemplate\":\"https:\/\/alabellecrea.fr\/?s={search_term_string}\"},\"query-input\":\"required name=search_term_string\"}],\"inLanguage\":\"en-US\"},{\"@type\":\"Organization\",\"@id\":\"https:\/\/alabellecrea.fr\/#organization\",\"name\":\"alabellecrea.fr\",\"url\":\"https:\/\/alabellecrea.fr\/\",\"logo\":{\"@type\":\"ImageObject\",\"inLanguage\":\"en-US\",\"@id\":\"https:\/\/alabellecrea.fr\/#\/schema\/logo\/image\/\",\"url\":\"https:\/\/alabellecrea.fr\/wp-content\/uploads\/2023\/11\/Logo-500x500-px-26_after-1.jpeg\",\"contentUrl\":\"https:\/\/alabellecrea.fr\/wp-content\/uploads\/2023\/11\/Logo-500x500-px-26_after-1.jpeg\",\"width\":1000,\"height\":1000,\"caption\":\"alabellecrea.fr\"},\"image\":{\"@id\":\"https:\/\/alabellecrea.fr\/#\/schema\/logo\/image\/\"}}]}<\/script>\n<!-- \/ Yoast SEO plugin. -->","yoast_head_json":{"title":"Cr\u00e9atrice - alabellecrea.fr","description":"D\u00e9couvrez le portrait inspirant de la cr\u00e9atrice. Rencontrez son histoire, sa passion, son parcours en quelques lignes","robots":{"index":"index","follow":"follow","max-snippet":"max-snippet:-1","max-image-preview":"max-image-preview:large","max-video-preview":"max-video-preview:-1"},"canonical":"https:\/\/alabellecrea.fr\/?page_id=203","og_locale":"en_US","og_type":"article","og_title":"Cr\u00e9atrice - alabellecrea.fr","og_description":"D\u00e9couvrez le portrait inspirant de la cr\u00e9atrice. Rencontrez son histoire, sa passion, son parcours en quelques lignes","og_url":"https:\/\/alabellecrea.fr\/?page_id=203","og_site_name":"alabellecrea.fr","article_modified_time":"2024-07-31T17:21:32+00:00","og_image":[{"url":"http:\/\/alabellecrea.fr\/wp-content\/uploads\/2023\/11\/Capture-decran-2023-11-05-185821-150x150.png"}],"twitter_card":"summary_large_image","twitter_misc":{"Est. reading time":"5 minutes"},"schema":{"@context":"https:\/\/schema.org","@graph":[{"@type":"WebPage","@id":"https:\/\/alabellecrea.fr\/?page_id=203","url":"https:\/\/alabellecrea.fr\/?page_id=203","name":"Cr\u00e9atrice - alabellecrea.fr","isPartOf":{"@id":"https:\/\/alabellecrea.fr\/#website"},"datePublished":"2023-11-09T08:20:10+00:00","dateModified":"2024-07-31T17:21:32+00:00","description":"D\u00e9couvrez le portrait inspirant de la cr\u00e9atrice. Rencontrez son histoire, sa passion, son parcours en quelques lignes","breadcrumb":{"@id":"https:\/\/alabellecrea.fr\/?page_id=203#breadcrumb"},"inLanguage":"en-US","potentialAction":[{"@type":"ReadAction","target":["https:\/\/alabellecrea.fr\/?page_id=203"]}]},{"@type":"BreadcrumbList","@id":"https:\/\/alabellecrea.fr\/?page_id=203#breadcrumb","itemListElement":[{"@type":"ListItem","position":1,"name":"Accueil","item":"https:\/\/alabellecrea.fr\/"},{"@type":"ListItem","position":2,"name":"Cr\u00e9atrice"}]},{"@type":"WebSite","@id":"https:\/\/alabellecrea.fr\/#website","url":"https:\/\/alabellecrea.fr\/","name":"alabellecrea.fr","description":"","publisher":{"@id":"https:\/\/alabellecrea.fr\/#organization"},"potentialAction":[{"@type":"SearchAction","target":{"@type":"EntryPoint","urlTemplate":"https:\/\/alabellecrea.fr\/?s={search_term_string}"},"query-input":"required name=search_term_string"}],"inLanguage":"en-US"},{"@type":"Organization","@id":"https:\/\/alabellecrea.fr\/#organization","name":"alabellecrea.fr","url":"https:\/\/alabellecrea.fr\/","logo":{"@type":"ImageObject","inLanguage":"en-US","@id":"https:\/\/alabellecrea.fr\/#\/schema\/logo\/image\/","url":"https:\/\/alabellecrea.fr\/wp-content\/uploads\/2023\/11\/Logo-500x500-px-26_after-1.jpeg","contentUrl":"https:\/\/alabellecrea.fr\/wp-content\/uploads\/2023\/11\/Logo-500x500-px-26_after-1.jpeg","width":1000,"height":1000,"caption":"alabellecrea.fr"},"image":{"@id":"https:\/\/alabellecrea.fr\/#\/schema\/logo\/image\/"}}]}},"_links":{"self":[{"href":"https:\/\/alabellecrea.fr\/index.php?rest_route=\/wp\/v2\/pages\/203"}],"collection":[{"href":"https:\/\/alabellecrea.fr\/index.php?rest_route=\/wp\/v2\/pages"}],"about":[{"href":"https:\/\/alabellecrea.fr\/index.php?rest_route=\/wp\/v2\/types\/page"}],"author":[{"embeddable":true,"href":"https:\/\/alabellecrea.fr\/index.php?rest_route=\/wp\/v2\/users\/1"}],"replies":[{"embeddable":true,"href":"https:\/\/alabellecrea.fr\/index.php?rest_route=%2Fwp%2Fv2%2Fcomments&post=203"}],"version-history":[{"count":93,"href":"https:\/\/alabellecrea.fr\/index.php?rest_route=\/wp\/v2\/pages\/203\/revisions"}],"predecessor-version":[{"id":2196,"href":"https:\/\/alabellecrea.fr\/index.php?rest_route=\/wp\/v2\/pages\/203\/revisions\/2196"}],"wp:attachment":[{"href":"https:\/\/alabellecrea.fr\/index.php?rest_route=%2Fwp%2Fv2%2Fmedia&parent=203"}],"curies":[{"name":"wp","href":"https:\/\/api.w.org\/{rel}","templated":true}]}}