{"id":1016,"date":"2024-01-03T09:39:53","date_gmt":"2024-01-03T08:39:53","guid":{"rendered":"https:\/\/alabellecrea.fr\/?page_id=1016"},"modified":"2024-07-31T19:20:30","modified_gmt":"2024-07-31T17:20:30","slug":"condifentialite","status":"publish","type":"page","link":"https:\/\/alabellecrea.fr\/?page_id=1016","title":{"rendered":"Condifentialit\u00e9"},"content":{"rendered":"\t\t<div data-elementor-type=\"wp-page\" data-elementor-id=\"1016\" class=\"elementor elementor-1016\">\n\t\t\t\t<div class=\"elementor-element elementor-element-e7a3571 e-flex e-con-boxed e-con e-parent\" data-id=\"e7a3571\" data-element_type=\"container\">\n\t\t\t\t\t<div class=\"e-con-inner\">\n\t\t\t\t<div class=\"elementor-element elementor-element-baeb87c elementor-widget elementor-widget-heading\" data-id=\"baeb87c\" data-element_type=\"widget\" data-widget_type=\"heading.default\">\n\t\t\t\t<div class=\"elementor-widget-container\">\n\t\t\t<style>\/*! elementor - v3.21.0 - 22-05-2024 *\/\n.elementor-heading-title{padding:0;margin:0;line-height:1}.elementor-widget-heading .elementor-heading-title[class*=elementor-size-]>a{color:inherit;font-size:inherit;line-height:inherit}.elementor-widget-heading .elementor-heading-title.elementor-size-small{font-size:15px}.elementor-widget-heading .elementor-heading-title.elementor-size-medium{font-size:19px}.elementor-widget-heading .elementor-heading-title.elementor-size-large{font-size:29px}.elementor-widget-heading .elementor-heading-title.elementor-size-xl{font-size:39px}.elementor-widget-heading .elementor-heading-title.elementor-size-xxl{font-size:59px}<\/style><h2 class=\"elementor-heading-title elementor-size-default\">Confidentialit\u00e9<\/h2>\t\t<\/div>\n\t\t\t\t<\/div>\n\t\t\t\t\t<\/div>\n\t\t\t\t<\/div>\n\t\t<div class=\"elementor-element elementor-element-8c61de1 e-flex e-con-boxed e-con e-parent\" data-id=\"8c61de1\" data-element_type=\"container\">\n\t\t\t\t\t<div class=\"e-con-inner\">\n\t\t\t\t<div class=\"elementor-element elementor-element-b37ff35 elementor-widget elementor-widget-text-editor\" data-id=\"b37ff35\" data-element_type=\"widget\" data-widget_type=\"text-editor.default\">\n\t\t\t\t<div class=\"elementor-widget-container\">\n\t\t\t<style>\/*! elementor - v3.21.0 - 22-05-2024 *\/\n.elementor-widget-text-editor.elementor-drop-cap-view-stacked .elementor-drop-cap{background-color:#69727d;color:#fff}.elementor-widget-text-editor.elementor-drop-cap-view-framed .elementor-drop-cap{color:#69727d;border:3px solid;background-color:transparent}.elementor-widget-text-editor:not(.elementor-drop-cap-view-default) .elementor-drop-cap{margin-top:8px}.elementor-widget-text-editor:not(.elementor-drop-cap-view-default) .elementor-drop-cap-letter{width:1em;height:1em}.elementor-widget-text-editor .elementor-drop-cap{float:left;text-align:center;line-height:1;font-size:50px}.elementor-widget-text-editor .elementor-drop-cap-letter{display:inline-block}<\/style>\t\t\t\t<p>L\u2019\u00e9diteur du pr\u00e9sent site internet a pour principe et obligation de prot\u00e9ger la vie priv\u00e9e de tous ses utilisateurs.<\/p><p>En effet, nous collectons des informations, incluant des donn\u00e9es personnelles, lorsque vous vous inscrivez ou naviguez sur le site. Egalement, lorsque vous nous envoyez des messages ou bien lorsque vous remplissez un formulaire sur le site. <br \/>Ces informations et donn\u00e9es personnelles vous concernant, comprennent par exemple : votre nom, pr\u00e9nom, soci\u00e9t\u00e9, adresse postale, e-mail, num\u00e9ro de t\u00e9l\u00e9phone, ainsi que toute autre information personnellement identifiable.<br \/>Nous pouvons aussi recueillir et analyser certaines donn\u00e9es qui nous sont envoy\u00e9es automatiquement par l\u2019ordinateur et qui sont li\u00e9es \u00e0 l\u2019utilisation du site. Par exemple : le nom de domaine, le nombre de clics, les pages visit\u00e9es, les sites pr\u00e9c\u00e9dents\/suivants visit\u00e9s ainsi que la dur\u00e9e de la session<br \/>d\u2019utilisateur. <br \/>Ces donn\u00e9es peuvent \u00eatre recueillies par le biais de cookies.<br \/>Dans tous les cas, nous ne louons, ni vendons pas vos donn\u00e9es personnelles \u00e0 des tierces parties. Ces derni\u00e8res servent exclusivement \u00e0 vous apporter les meilleurs r\u00e9ponses et services (devis, facturation,<br \/>newsletter\u2026). <br \/>A tout moment, vous avez le droit de rectifier, modifier, supprimer ou recueillir (au format .csv) vos donn\u00e9es \u00e0 caract\u00e8re personnel. Pour cela, il vous suffit simplement de nous contacter en utilisant le <a href=\"https:\/\/alabellecrea.fr\/?page_id=993\"><strong>formulaire<\/strong><\/a> de contact mis \u00e0 votre disposition sur ce site.<\/p>\t\t\t\t\t\t<\/div>\n\t\t\t\t<\/div>\n\t\t\t\t\t<\/div>\n\t\t\t\t<\/div>\n\t\t<div class=\"elementor-element elementor-element-49d6126 e-flex e-con-boxed e-con e-parent\" data-id=\"49d6126\" data-element_type=\"container\">\n\t\t\t\t\t<div class=\"e-con-inner\">\n\t\t\t\t<div class=\"elementor-element elementor-element-6beff1e elementor-widget elementor-widget-heading\" data-id=\"6beff1e\" data-element_type=\"widget\" data-widget_type=\"heading.default\">\n\t\t\t\t<div class=\"elementor-widget-container\">\n\t\t\t<h2 class=\"elementor-heading-title elementor-size-default\">S\u00e9curisation de vos donn\u00e9es<\/h2>\t\t<\/div>\n\t\t\t\t<\/div>\n\t\t\t\t\t<\/div>\n\t\t\t\t<\/div>\n\t\t<div class=\"elementor-element elementor-element-b672f47 e-flex e-con-boxed e-con e-parent\" data-id=\"b672f47\" data-element_type=\"container\">\n\t\t\t\t\t<div class=\"e-con-inner\">\n\t\t\t\t<div class=\"elementor-element elementor-element-4186d42 elementor-widget elementor-widget-text-editor\" data-id=\"4186d42\" data-element_type=\"widget\" data-widget_type=\"text-editor.default\">\n\t\t\t\t<div class=\"elementor-widget-container\">\n\t\t\t\t\t\t\t<p>Nous mettons toutes les mesures de s\u00e9curit\u00e9 en place pour assurer la protection de vos donn\u00e9es, ainsi que la mani\u00e8re dont vous pouvez exercer votre droit de modification ou de suppression de ces donn\u00e9es. A savoir : h\u00e9bergement sur nos serveurs infog\u00e9r\u00e9s, certificat SSL domaine (HTTPS \u2013 cryptage), sauvegarde quotidienne, infog\u00e9rance s\u00e9curit\u00e9 (surveillance active des serveurs), actions de pr\u00e9vention des attaques (m\u00e9canismes anti-DDoS), mises \u00e0 jour de s\u00e9curit\u00e9, information client et CNIL dans les 72 heures en cas de faille de s\u00e9curit\u00e9.<\/p>\t\t\t\t\t\t<\/div>\n\t\t\t\t<\/div>\n\t\t\t\t\t<\/div>\n\t\t\t\t<\/div>\n\t\t<div class=\"elementor-element elementor-element-0fa850d e-flex e-con-boxed e-con e-parent\" data-id=\"0fa850d\" data-element_type=\"container\">\n\t\t\t\t\t<div class=\"e-con-inner\">\n\t\t\t\t<div class=\"elementor-element elementor-element-6c963db elementor-widget elementor-widget-heading\" data-id=\"6c963db\" data-element_type=\"widget\" data-widget_type=\"heading.default\">\n\t\t\t\t<div class=\"elementor-widget-container\">\n\t\t\t<h2 class=\"elementor-heading-title elementor-size-default\">Conditions inh\u00e9rentes \u00e0 l\u2019utilisation du site internet <\/h2>\t\t<\/div>\n\t\t\t\t<\/div>\n\t\t\t\t\t<\/div>\n\t\t\t\t<\/div>\n\t\t<div class=\"elementor-element elementor-element-68ee7ed e-flex e-con-boxed e-con e-parent\" data-id=\"68ee7ed\" data-element_type=\"container\">\n\t\t\t\t\t<div class=\"e-con-inner\">\n\t\t\t\t<div class=\"elementor-element elementor-element-b0248f6 elementor-widget elementor-widget-text-editor\" data-id=\"b0248f6\" data-element_type=\"widget\" data-widget_type=\"text-editor.default\">\n\t\t\t\t<div class=\"elementor-widget-container\">\n\t\t\t\t\t\t\t<p>L\u2019\u00e9diteur du pr\u00e9sent site internet d\u00e9tient et exploite ce site. Son utilisation implique que vous en acceptez l\u2019ensemble des termes, conditions et notifications contenus et cit\u00e9s dans ces documents (Conditions g\u00e9n\u00e9rales et Cookies ). Ces derni\u00e8res ne s\u2019appliquent qu\u2019au pr\u00e9sent site et \u00e0 ses services, et en aucun cas \u00e0 un site tiers.<br \/>Dans le cas o\u00f9 vous n\u2019acceptez pas ces conditions, merci de ne pas utiliser ce site. Nous nous r\u00e9servons le droit, \u00e0 notre discr\u00e9tion, de mettre \u00e0 jour ou de modifier les mentions l\u00e9gales et conditions<br \/>d\u2019utilisation. Par cons\u00e9quent, veuillez v\u00e9rifier r\u00e9guli\u00e8rement ces derni\u00e8res afin de savoir si elles ont \u00e9t\u00e9 modifi\u00e9es ou pas. Nous consid\u00e9rons que vous acceptez une modification des conditions d\u2019utilisation si<br \/>vous continuez \u00e0 utiliser le site apr\u00e8s publication de cette modification. Merci de votre compr\u00e9hension.<br \/>N\u2019h\u00e9sitez-pas \u00e0 nous contacter via notre <a href=\"https:\/\/alabellecrea.fr\/?page_id=993\"><strong>formulair<\/strong><strong>e<\/strong><\/a> pour plus d\u2019informations sur le sujet.<\/p>\t\t\t\t\t\t<\/div>\n\t\t\t\t<\/div>\n\t\t\t\t\t<\/div>\n\t\t\t\t<\/div>\n\t\t<div class=\"elementor-element elementor-element-601885f e-flex e-con-boxed e-con e-parent\" data-id=\"601885f\" data-element_type=\"container\">\n\t\t\t\t\t<div class=\"e-con-inner\">\n\t\t\t\t<div class=\"elementor-element elementor-element-1e07e02 elementor-widget elementor-widget-heading\" data-id=\"1e07e02\" data-element_type=\"widget\" data-widget_type=\"heading.default\">\n\t\t\t\t<div class=\"elementor-widget-container\">\n\t\t\t<h2 class=\"elementor-heading-title elementor-size-default\">Cookies<\/h2>\t\t<\/div>\n\t\t\t\t<\/div>\n\t\t\t\t\t<\/div>\n\t\t\t\t<\/div>\n\t\t<div class=\"elementor-element elementor-element-ec24a98 e-flex e-con-boxed e-con e-parent\" data-id=\"ec24a98\" data-element_type=\"container\">\n\t\t\t\t\t<div class=\"e-con-inner\">\n\t\t\t\t<div class=\"elementor-element elementor-element-98959e0 elementor-widget elementor-widget-text-editor\" data-id=\"98959e0\" data-element_type=\"widget\" data-widget_type=\"text-editor.default\">\n\t\t\t\t<div class=\"elementor-widget-container\">\n\t\t\t\t\t\t\t<p>Lors de la consultation du pr\u00e9sent site, des cookies peuvent \u00eatre d\u00e9pos\u00e9s sur votre ordinateur, votre<br \/>smartphone, votre tablette ou tout autre terminal utilis\u00e9. Sachez qu\u2019un cookie est un fichier texte<br \/>d\u00e9pos\u00e9 sur votre appareil lors de la navigation sur un site ou bien lors de la consultation d\u2019une publicit\u00e9<br \/>en ligne. Ce dernier a pour but de collecter des informations relatives \u00e0 votre navigation afin de vous<br \/>adresser des services mieux adapt\u00e9s. Les cookies sont g\u00e9r\u00e9s par votre navigateur internet (Microsoft<br \/>Edge, Internet Explorer, Firefox, Google Chrome, Safari, Android Browser\u2026).<br \/>A tout moment, vous avez la possibilit\u00e9 de d\u00e9sactiver l\u2019utilisation de ces cookies. En effet, votre<br \/>navigateur peut \u00eatre param\u00e9tr\u00e9 afin de vous signaler les cookies qui sont d\u00e9pos\u00e9s et de vous demander<br \/>de les accepter ou non. Ainsi, vous avez le choix d\u2019accepter ou de refuser les cookies, au cas par cas,<br \/>ou bien les refuser d\u00e9finitivement.<br \/>Attention : nous vous informons que ce param\u00e9trage est susceptible de modifier vos conditions d\u2019acc\u00e8s<br \/>aux contenus et services de notre site n\u00e9cessitant l\u2019utilisation de cookies. N\u2019h\u00e9sitez-pas \u00e0 nous<br \/>contacter si besoin. Une fois de plus, sachez que dans tous les cas, nous ne louons, ni vendons pas vos<br \/>donn\u00e9es personnelles \u00e0 des tierces parties.<\/p>\t\t\t\t\t\t<\/div>\n\t\t\t\t<\/div>\n\t\t\t\t\t<\/div>\n\t\t\t\t<\/div>\n\t\t\t\t<\/div>\n\t\t","protected":false},"excerpt":{"rendered":"<p>Confidentialit\u00e9 L\u2019\u00e9diteur du pr\u00e9sent site internet a pour principe et obligation de prot\u00e9ger la vie priv\u00e9e de tous ses utilisateurs. En effet, nous collectons des informations, incluant des donn\u00e9es personnelles, lorsque vous vous inscrivez ou naviguez sur le site. Egalement, lorsque vous nous envoyez des messages ou bien lorsque vous remplissez un formulaire sur le [&hellip;]<\/p>\n","protected":false},"author":1,"featured_media":0,"parent":0,"menu_order":0,"comment_status":"closed","ping_status":"closed","template":"","meta":{"_monsterinsights_skip_tracking":false,"_monsterinsights_sitenote_active":false,"_monsterinsights_sitenote_note":"","_monsterinsights_sitenote_category":0,"footnotes":""},"yoast_head":"<!-- This site is optimized with the Yoast SEO plugin v22.0 - https:\/\/yoast.com\/wordpress\/plugins\/seo\/ -->\n<title>Condifentialit\u00e9 - alabellecrea.fr<\/title>\n<meta name=\"robots\" content=\"index, follow, max-snippet:-1, max-image-preview:large, max-video-preview:-1\" \/>\n<link rel=\"canonical\" href=\"https:\/\/alabellecrea.fr\/?page_id=1016\" \/>\n<meta property=\"og:locale\" content=\"en_US\" \/>\n<meta property=\"og:type\" content=\"article\" \/>\n<meta property=\"og:title\" content=\"Condifentialit\u00e9 - alabellecrea.fr\" \/>\n<meta property=\"og:description\" content=\"Confidentialit\u00e9 L\u2019\u00e9diteur du pr\u00e9sent site internet a pour principe et obligation de prot\u00e9ger la vie priv\u00e9e de tous ses utilisateurs. En effet, nous collectons des informations, incluant des donn\u00e9es personnelles, lorsque vous vous inscrivez ou naviguez sur le site. Egalement, lorsque vous nous envoyez des messages ou bien lorsque vous remplissez un formulaire sur le [&hellip;]\" \/>\n<meta property=\"og:url\" content=\"https:\/\/alabellecrea.fr\/?page_id=1016\" \/>\n<meta property=\"og:site_name\" content=\"alabellecrea.fr\" \/>\n<meta property=\"article:modified_time\" content=\"2024-07-31T17:20:30+00:00\" \/>\n<meta name=\"twitter:card\" content=\"summary_large_image\" \/>\n<meta name=\"twitter:label1\" content=\"Est. reading time\" \/>\n\t<meta name=\"twitter:data1\" content=\"4 minutes\" \/>\n<script type=\"application\/ld+json\" class=\"yoast-schema-graph\">{\"@context\":\"https:\/\/schema.org\",\"@graph\":[{\"@type\":\"WebPage\",\"@id\":\"https:\/\/alabellecrea.fr\/?page_id=1016\",\"url\":\"https:\/\/alabellecrea.fr\/?page_id=1016\",\"name\":\"Condifentialit\u00e9 - alabellecrea.fr\",\"isPartOf\":{\"@id\":\"https:\/\/alabellecrea.fr\/#website\"},\"datePublished\":\"2024-01-03T08:39:53+00:00\",\"dateModified\":\"2024-07-31T17:20:30+00:00\",\"breadcrumb\":{\"@id\":\"https:\/\/alabellecrea.fr\/?page_id=1016#breadcrumb\"},\"inLanguage\":\"en-US\",\"potentialAction\":[{\"@type\":\"ReadAction\",\"target\":[\"https:\/\/alabellecrea.fr\/?page_id=1016\"]}]},{\"@type\":\"BreadcrumbList\",\"@id\":\"https:\/\/alabellecrea.fr\/?page_id=1016#breadcrumb\",\"itemListElement\":[{\"@type\":\"ListItem\",\"position\":1,\"name\":\"Accueil\",\"item\":\"https:\/\/alabellecrea.fr\/\"},{\"@type\":\"ListItem\",\"position\":2,\"name\":\"Condifentialit\u00e9\"}]},{\"@type\":\"WebSite\",\"@id\":\"https:\/\/alabellecrea.fr\/#website\",\"url\":\"https:\/\/alabellecrea.fr\/\",\"name\":\"alabellecrea.fr\",\"description\":\"\",\"publisher\":{\"@id\":\"https:\/\/alabellecrea.fr\/#organization\"},\"potentialAction\":[{\"@type\":\"SearchAction\",\"target\":{\"@type\":\"EntryPoint\",\"urlTemplate\":\"https:\/\/alabellecrea.fr\/?s={search_term_string}\"},\"query-input\":\"required name=search_term_string\"}],\"inLanguage\":\"en-US\"},{\"@type\":\"Organization\",\"@id\":\"https:\/\/alabellecrea.fr\/#organization\",\"name\":\"alabellecrea.fr\",\"url\":\"https:\/\/alabellecrea.fr\/\",\"logo\":{\"@type\":\"ImageObject\",\"inLanguage\":\"en-US\",\"@id\":\"https:\/\/alabellecrea.fr\/#\/schema\/logo\/image\/\",\"url\":\"https:\/\/alabellecrea.fr\/wp-content\/uploads\/2023\/11\/Logo-500x500-px-26_after-1.jpeg\",\"contentUrl\":\"https:\/\/alabellecrea.fr\/wp-content\/uploads\/2023\/11\/Logo-500x500-px-26_after-1.jpeg\",\"width\":1000,\"height\":1000,\"caption\":\"alabellecrea.fr\"},\"image\":{\"@id\":\"https:\/\/alabellecrea.fr\/#\/schema\/logo\/image\/\"}}]}<\/script>\n<!-- \/ Yoast SEO plugin. -->","yoast_head_json":{"title":"Condifentialit\u00e9 - alabellecrea.fr","robots":{"index":"index","follow":"follow","max-snippet":"max-snippet:-1","max-image-preview":"max-image-preview:large","max-video-preview":"max-video-preview:-1"},"canonical":"https:\/\/alabellecrea.fr\/?page_id=1016","og_locale":"en_US","og_type":"article","og_title":"Condifentialit\u00e9 - alabellecrea.fr","og_description":"Confidentialit\u00e9 L\u2019\u00e9diteur du pr\u00e9sent site internet a pour principe et obligation de prot\u00e9ger la vie priv\u00e9e de tous ses utilisateurs. En effet, nous collectons des informations, incluant des donn\u00e9es personnelles, lorsque vous vous inscrivez ou naviguez sur le site. Egalement, lorsque vous nous envoyez des messages ou bien lorsque vous remplissez un formulaire sur le [&hellip;]","og_url":"https:\/\/alabellecrea.fr\/?page_id=1016","og_site_name":"alabellecrea.fr","article_modified_time":"2024-07-31T17:20:30+00:00","twitter_card":"summary_large_image","twitter_misc":{"Est. reading time":"4 minutes"},"schema":{"@context":"https:\/\/schema.org","@graph":[{"@type":"WebPage","@id":"https:\/\/alabellecrea.fr\/?page_id=1016","url":"https:\/\/alabellecrea.fr\/?page_id=1016","name":"Condifentialit\u00e9 - alabellecrea.fr","isPartOf":{"@id":"https:\/\/alabellecrea.fr\/#website"},"datePublished":"2024-01-03T08:39:53+00:00","dateModified":"2024-07-31T17:20:30+00:00","breadcrumb":{"@id":"https:\/\/alabellecrea.fr\/?page_id=1016#breadcrumb"},"inLanguage":"en-US","potentialAction":[{"@type":"ReadAction","target":["https:\/\/alabellecrea.fr\/?page_id=1016"]}]},{"@type":"BreadcrumbList","@id":"https:\/\/alabellecrea.fr\/?page_id=1016#breadcrumb","itemListElement":[{"@type":"ListItem","position":1,"name":"Accueil","item":"https:\/\/alabellecrea.fr\/"},{"@type":"ListItem","position":2,"name":"Condifentialit\u00e9"}]},{"@type":"WebSite","@id":"https:\/\/alabellecrea.fr\/#website","url":"https:\/\/alabellecrea.fr\/","name":"alabellecrea.fr","description":"","publisher":{"@id":"https:\/\/alabellecrea.fr\/#organization"},"potentialAction":[{"@type":"SearchAction","target":{"@type":"EntryPoint","urlTemplate":"https:\/\/alabellecrea.fr\/?s={search_term_string}"},"query-input":"required name=search_term_string"}],"inLanguage":"en-US"},{"@type":"Organization","@id":"https:\/\/alabellecrea.fr\/#organization","name":"alabellecrea.fr","url":"https:\/\/alabellecrea.fr\/","logo":{"@type":"ImageObject","inLanguage":"en-US","@id":"https:\/\/alabellecrea.fr\/#\/schema\/logo\/image\/","url":"https:\/\/alabellecrea.fr\/wp-content\/uploads\/2023\/11\/Logo-500x500-px-26_after-1.jpeg","contentUrl":"https:\/\/alabellecrea.fr\/wp-content\/uploads\/2023\/11\/Logo-500x500-px-26_after-1.jpeg","width":1000,"height":1000,"caption":"alabellecrea.fr"},"image":{"@id":"https:\/\/alabellecrea.fr\/#\/schema\/logo\/image\/"}}]}},"_links":{"self":[{"href":"https:\/\/alabellecrea.fr\/index.php?rest_route=\/wp\/v2\/pages\/1016"}],"collection":[{"href":"https:\/\/alabellecrea.fr\/index.php?rest_route=\/wp\/v2\/pages"}],"about":[{"href":"https:\/\/alabellecrea.fr\/index.php?rest_route=\/wp\/v2\/types\/page"}],"author":[{"embeddable":true,"href":"https:\/\/alabellecrea.fr\/index.php?rest_route=\/wp\/v2\/users\/1"}],"replies":[{"embeddable":true,"href":"https:\/\/alabellecrea.fr\/index.php?rest_route=%2Fwp%2Fv2%2Fcomments&post=1016"}],"version-history":[{"count":7,"href":"https:\/\/alabellecrea.fr\/index.php?rest_route=\/wp\/v2\/pages\/1016\/revisions"}],"predecessor-version":[{"id":1023,"href":"https:\/\/alabellecrea.fr\/index.php?rest_route=\/wp\/v2\/pages\/1016\/revisions\/1023"}],"wp:attachment":[{"href":"https:\/\/alabellecrea.fr\/index.php?rest_route=%2Fwp%2Fv2%2Fmedia&parent=1016"}],"curies":[{"name":"wp","href":"https:\/\/api.w.org\/{rel}","templated":true}]}}